196. What is the remainder when y is divided by 51?
48
Let d be (-18)/8 + (-15)/20. Let r be ((1 - 10)/d)/(-1). Let m = r + 32. What is the remainder when m is divided by 8?
5
Suppose 2*u = 4*f + 7*u - 223, 5*f = -2*u + 266. Suppose 73*l = 69*l + f. Calculate the remainder when 155 is divided by l.
12
Let z = 48 + -45. Suppose c = -2*c - 3*q + 306, -5*c - z*q = -516. What is the remainder when c is divided by 27?
24
Let q(s) = 27*s**2 - 19*s + 18. Calculate the remainder when q(1) is divided by 23.
3
Let h = -8 + 6. Suppose -4*o = 36 - 136. Calculate the remainder when o is divided by ((-12)/(-36))/(h/(-84)).
11
Calculate the remainder when 131 is divided by -6 + 5 + (-357)/(-7).
31
Let l(r) = -9*r - 20. Suppose -2*w + 34 = 5*u, -2*w - 4*u + 16 = -8*u. Suppose -15*m = -w*m - 87. What is the remainder when l(-15) is divided by m?
28
Let q = 122 + -28. Let z = q + -36. What is the remainder when z is divided by 12?
10
Let l = -23 - -27. Suppose -2*s - 190 = 3*s + 3*g, -3*g = 15. Let f = -17 - s. What is the remainder when f is divided by l?
2
Let q = 41 - 35. What is the remainder when q is divided by 3?
0
Suppose -5*a + 148 = 4*d, 3*d = -a + 6*a + 146. What is the remainder when 419 is divided by d?
41
Suppose -3*p + 2*p = -4. Let b be p - (-4 + -3*81). Suppose b - 97 = 7*o. What is the remainder when 86 is divided by o?
20
Let d = 43 + -25. Suppose s = -0*s + d. Let n = s - 7. Calculate the remainder when 41 is divided by n.
8
Let d be (-2 + -1 + 4)*0. Suppose -3*b = -3*c - 0*c + 132, d = 4*b - 8. What is the remainder when c is divided by 16?
14
Let p be (1/(-2))/((-6)/(-4))*-45. Suppose 3*t - 21 = -4*z, 0*t - 3*t = -2*z + p. Calculate the remainder when 13 is divided by z.
1
Let d(n) = -n**2 + 7*n - 11. Let k be d(5). Calculate the remainder when 30 + k + (18/6 - 1) is divided by 8.
7
Suppose -4*l = l - 1055. Suppose -4*c - r + l = 0, 2*c + r - 27 - 78 = 0. Calculate the remainder when c is divided by (722/(-76))/(2/(-4)).
15
Let s(a) = a. Let w(f) = 2*f**2 - 3*f + 1. Let d(h) = -5*s(h) + w(h). Let v be d(6). Let t = v - 16. Calculate the remainder when 34 is divided by t.
7
Let i = -6 + 9. Suppose -i*b + 20 = -5*h, -3*h + 10 = 2*h. Calculate the remainder when 37 is divided by b.
7
Suppose 21*j - 9*j - 60 = 0. What is the remainder when j is divided by 3?
2
Let t(d) = 5*d**2 + 8*d. What is the remainder when t(4) is divided by 32?
16
Let k = -150 + 176. What is the remainder when 675 is divided by k?
25
Suppose 2*q + 0*q = 4*l - 2, -3 = 3*q. Calculate the remainder when (l + 2)*309/2 is divided by 31.
30
Let p(k) be the second derivative of -k**5/20 + k**4/2 + k**3/3 - 6*k. Let s be p(5). Let n = s - 13. Calculate the remainder when 85 is divided by n.
19
Suppose -3*p - 4*u = -31, -2*p = -5*u - 0*u - 13. Suppose 0 = -o - 0*o + p. What is the remainder when 23 is divided by o?
5
Suppose 5*m - 55 = 5*n, -85 = -5*m + n - 6*n. Suppose 18 = 4*u - 4*k - 94, 0 = -3*k - 9. Calculate the remainder when u is divided by (-2)/(38/m + -3).
4
What is the remainder when 706/((-5)/(55/(-22))) is divided by 19?
11
Let w = 494 + -480. What is the remainder when 80 is divided by w?
10
Let v = 4132 - 4099. Suppose -b + 23 + 41 = 0. What is the remainder when b is divided by v?
31
Let x(a) = -2*a**3 + 8*a + a**3 + a**2 + 9 - 5*a**2. Suppose -9*c - 24 = -5*c. Calculate the remainder when x(c) is divided by 9.
6
Let i(h) = 86*h**3 - 3*h**2 + 2*h. What is the remainder when 165 is divided by i(1)?
80
Let o(j) = 48*j - 8. Let x(u) = -u**3 + 6*u**2 + 8*u + 2. What is the remainder when o(5) is divided by x(-3)?
55
What is the remainder when 21*12/(-105)*-185 is divided by 9?
3
Let x(u) = -10*u - 12. Let f be x(-5). Let v = f + -11. Calculate the remainder when 79 is divided by v.
25
Suppose -25 = -3*h - 2*h. Suppose 2*o = -x - 3*o + 8, o - 64 = -h*x. Suppose x = f - 32. Calculate the remainder when f is divided by 12.
9
Let s(n) = 3*n**2 + 31*n + 133. Calculate the remainder when s(-8) is divided by 46.
31
Let g be (4 + 2)*16/(-3). Let f = g + 34. Suppose 41 = f*x - 7. What is the remainder when x is divided by 14?
10
Let x(j) = 12*j + 8. Let o be x(7). Let q = -2 - -10. Calculate the remainder when o/(-6)*(-9)/6 is divided by q.
7
Let t(l) be the second derivative of l**4/6 - l**3/3 - l**2 - 3*l. Let y be t(3). Let a = 13 - y. Calculate the remainder when 10 is divided by a.
1
Let w be (-1 - -4)/((-2)/14). Suppose 3*k = 2*c + 112, 2*k + c + 28 - 112 = 0. Calculate the remainder when k is divided by ((-2)/(-3))/((-1)/w).
12
What is the remainder when 449 is divided by (2 - -8)*(-9)/(-6)?
14
Calculate the remainder when 50 is divided by (-4 + 8 + -7)/(12/(-104)).
24
Suppose 5*n = 3*r - 140, -269*n = 4*r - 265*n - 144. What is the remainder when r is divided by (2 - (-1)/(-1)) + 6?
5
Let i = 23 - 33. What is the remainder when (-1086)/i - (-6)/15 is divided by 48/3*2 - 4?
25
Let v = -146 + 66. Let r = 104 + v. What is the remainder when 1/(-4) + 185/4 is divided by r?
22
Let k(v) = -v**2 - 9*v + 11. Suppose -96 = -6*d + 3*d. What is the remainder when d is divided by k(-9)?
10
Suppose 454 - 2764 = -110*l. Calculate the remainder when 254 is divided by l.
2
Let z(i) = -1894*i + 1896*i + 38 - 9. What is the remainder when 145 is divided by z(10)?
47
Let b = -11 - -15. Suppose 285 = 3*t + g, t = 2*t - b*g - 82. Suppose t = 4*c + 3*s - s, 4*s = -c + 34. Calculate the remainder when 87 is divided by c.
21
Let v = 310 + -131. What is the remainder when v is divided by 5?
4
Suppose -15 = -3*c + s, 4*c - s + 5 - 25 = 0. Suppose -p - 2*h = -10, -4*p - c*h + 52 = -0*p. Calculate the remainder when -1 + (-1 - -71*1) is divided by p.
15
Suppose -a = -5*w - 26 - 110, -4*a + 3*w + 544 = 0. Calculate the remainder when a is divided by 35.
31
Let i be 55*(0 - -1) + (12 - 15). Suppose 8*y - 12*y = -i. Calculate the remainder when 37 is divided by y.
11
Let m = -100 + 140. Suppose m = 5*w - 10. Calculate the remainder when 16 is divided by w.
6
Suppose 2*z - 57 = 5*z. Let d = -8 - z. Calculate the remainder when 31 is divided by d.
9
Suppose 16*i - 13*i = 3. Suppose -3*a + 2 = -1. What is the remainder when i is divided by a?
0
Suppose 1095 + 2105 = 25*f. Calculate the remainder when f is divided by 22.
18
Let h = 23 - 30. Let d = h - -23. Let w(k) = 46*k**2 + 2*k + 1. Calculate the remainder when w(-1) is divided by d.
13
Let i(n) = 12*n - 31. Suppose -4 = -c + 1. What is the remainder when i(4) is divided by c?
2
Suppose 2*s - 3*s + 390 = -y, 3*s + 2*y - 1165 = 0. Calculate the remainder when s is divided by 15.
14
Suppose v - z - 109 = 0, -3*v + z + 213 = -120. Suppose 594*j = 593*j + 39. What is the remainder when v is divided by j?
34
Let h(k) = -k**2 - 8*k - 5. Suppose -2*p = 9*p - 308. What is the remainder when p is divided by h(-5)?
8
Let r be (168/(-2))/(-2)*(-15)/6. Let v = r - -252. What is the remainder when v is divided by 25?
22
Suppose 2*t = 1 + 17. Let x(d) = 3*d + 12. Let b be x(-4). Suppose b*w - 4 = -w. What is the remainder when t is divided by w?
1
Suppose 4*b - 8*b + 204 = -3*k, 0 = -b + 2*k + 56. Suppose 37 = 5*r - b. Let s(i) = 32*i + 1. Calculate the remainder when s(1) is divided by r.
16
Suppose 7*j + 615 - 622 = 0. Calculate the remainder when 0/2 - (0 - 6) is divided by j.
0
Suppose 3*b - 114 = -5*y, -5*b + 4*y - y = -156. Let u = 53 - -12. Calculate the remainder when u is divided by b.
32
Let j(p) = -p**3 - 2*p**2 - p + 2. Let d be (6/(-9))/(4/6). What is the remainder when (d/(-1))/(1/53) is divided by j(-3)?
11
Let h(q) be the third derivative of 5/24*q**4 + 0 - 2/3*q**3 - 2*q**2 + 0*q + 1/60*q**5. What is the remainder when 39 is divided by h(-7)?
9
Suppose -5*z - 130 = -5*s, -137 = -5*s + 5*z - 7*z. What is the remainder when 88 is divided by s?
7
Let j(b) = 89*b - 199. What is the remainder when j(3) is divided by 36?
32
Let x = -3 - -5. Let p = -80 + 90. Suppose -x*w + 2 + p = 0. What is the remainder when 21 is divided by w?
3
Suppose 0 = 4*y - 3*q - 47, y + 5*q - 39 = -3*y. Calculate the remainder when y is divided by (-2)/10 + 92/10.
2
Let i be ((-656)/20)/((-141)/(-45) - 3). Calculate the remainder when 46 is divided by 0 + 4/10 - i/10.
21
Suppose 107 = 3*b + 4*z, -z + 67 = 3*b - 5*z. Calculate the remainder when 64 is divided by b.
6
Let 